uppose 2*t = 5*c - 3*t - 55, 0 = -c + 2*t + 6. Let i be ((-81)/(-36))/(1/c). Suppose -5*j + 145 = -2*r, 2*r - i = -j + r. What are the prime factors of j?
31
What are the prime factors of 1840/2*(56/(-7))/(-8)?
2, 5, 23
Suppose 0 = 2*q + 5*u - 54, 2*q = 4*q - 3*u - 70. Let m = -10 + q. List the prime factors of m.
2, 11
Suppose -3*l = -2*c - 2447, 2*l + 7*c - 3*c - 1610 = 0. List the prime factors of l.
3, 271
Suppose -5*g + 40 = -5*i, g + 5*i - 3 = -13. Let x(l) = l**2 - 2*l - 5. Let j be x(g). Suppose j = -2*u + 30. What are the prime factors of u?
2, 5
Let q = -23 - -17. Let n(o) = o**3 + 8*o**2 + 3*o - 7. List the prime factors of n(q).
47
Let a(p) = 9*p**2 + 139*p - 1289. List the prime factors of a(10).
7, 11, 13
Let z = 2884 - 1718. List the prime factors of z.
2, 11, 53
Suppose 5*q = -5*w + 80, -4*w + 74 = -0*q + 2*q. Let d = 24 - w. What are the prime factors of d?
3
Let u(r) = -r**2 + 2. Let d be u(0). Let z be 728/60 - (-2)/(-15). Let b = z - d. What are the prime factors of b?
2, 5
Suppose -5*a - 9*v + 8*v = -3688, -5*a + 3698 = -4*v. What are the prime factors of a?
2, 3, 41
Suppose 3*q + 28*s = 23*s + 1462, q - 3*s = 492. What are the prime factors of q?
3, 163
Let w(s) = -9*s + 351. List the prime factors of w(-21).
2, 3, 5
Let j = -33 - -38. List the prime factors of 1 - j/((-5)/33).
2, 17
Suppose 4*d - 5*r - 38 = 94, 3*d - 96 = 3*r. List the prime factors of d.
2, 7
Let o(r) = -r + 6. Let l be o(5). Suppose 10816 = 4*k + 4*k. What are the prime factors of k/48 + l/(-6)?
2, 7
Suppose -y = 5*c - 83, -3*y - 12 - 79 = -5*c. Let n be 4 - (-38)/2*-1. What are the prime factors of 13/2*(c + n)?
13
Let c(l) = 2*l**3 + 2*l - 3. Suppose 4 = 2*o - z, -5*z + 6 + 4 = 0. List the prime factors of c(o).
3, 19
Let u = 105 + 1708. List the prime factors of u.
7, 37
Suppose 3*x - 3 = 3. Let y(t) = 3*t - 1. Let h be y(x). What are the prime factors of (9/4)/(h/40)?
2, 3
Let r = -65 - -146. Let j = r - 42. What are the prime factors of j?
3, 13
Suppose 15*h - 1090 = 2090. List the prime factors of h.
2, 53
Let n be (-39)/(-2)*6/9. Let c = n - 16. What are the prime factors of ((-1)/c)/((-7)/(-1155))?
5, 11
Suppose g = 6*g - 4*t - 4414, -2*t = -5*g + 4422. Suppose -364 = 3*d - g. What are the prime factors of d?
2, 3, 29
List the prime factors of (56 - 5)*(-168)/(-18).
2, 7, 17
What are the prime factors of -18 + 19 - 7520/(-5)?
5, 7, 43
Suppose 24*a - 15865 - 16919 = 0. What are the prime factors of a?
2, 683
Suppose 590 = 4*a + 3*j, 4*a + 4*j - 404 - 188 = 0. List the prime factors of a.
2, 73
Let f = 1483 + -170. List the prime factors of f.
13, 101
Suppose -4*z = -3*z - 3. Suppose -5*n + 3*n - 5*i = -28, 89 = 5*n + z*i. What are the prime factors of n?
19
Let g = 556 - 492. List the prime factors of g.
2
Let b(k) = 22*k - 4. Suppose -2 = -3*l - 20. Let q(t) = t**2 + 3*t - 16. Let n be q(l). List the prime factors of b(n).
2, 5
Let p be (6/(-3))/(2/(-12)). Let a(u) = 21*u**2 - 3*u - 1 + p*u**2 + 3*u. List the prime factors of a(-1).
2
Suppose -5*a + 74 = -4*i, -3*a + 66 = -0*i + 3*i. Suppose 19*v - a*v - 12 = 0. What are the prime factors of v?
2, 3
Let t(s) = 3*s**3 - 8*s**2 - 3*s - 3. What are the prime factors of t(5)?
157
Suppose 5*j - 20 = -0*j. Suppose 0 = -j*d + 23 + 401. What are the prime factors of d?
2, 53
Let t(m) = -20*m**3 - m**2 - 7*m - 7. List the prime factors of t(-3).
5, 109
Let m(q) = -2*q + 1. Let f be m(4). Let y be (6/14 + -1)*f. Let u = 2 + y. List the prime factors of u.
2, 3
Let f = -11 - -3. Let z be (-9)/(-4) - (-2)/f. Suppose -2*c + 7*c + 5*d - 40 = 0, -4*d = z*c - 16. List the prime factors of c.
2
Suppose -w + 1617 = -2*f, 5*w = -4*f - 1213 + 9312. List the prime factors of w.
1619
Let y be 0 + 0 - (-240)/16. List the prime factors of 1035/25 + 9/y.
2, 3, 7
Let p = -9 - -10. Let u(b) = 3*b**2 + 1. Let t be u(p). Suppose 4*c = -2*y + 62, t*c + 3 = c. What are the prime factors of y?
3, 11
Let o = 212 - 139. Let m = o + -12. Suppose 0*p = -2*v - 5*p + 45, 3*v + p = m. List the prime factors of v.
2, 5
Let f(n) = 2*n - 11. Suppose 5*q = 4*s - 30, 4*q = 3*q + 4*s + 10. Let p be (-36)/(-3)*q/(-15). What are the prime factors of f(p)?
5
What are the prime factors of 285 + -13 - (1 + -3)?
2, 137
Let x = 629 + 913. What are the prime factors of x?
2, 3, 257
Let s = 7 - 4. Let o = s + 4. Let p = o + -2. List the prime factors of p.
5
Let m = 2 - 3. Let c(w) = 120*w**2 - w - 1. Let s be c(m). Suppose 4*o - s - 4 = -4*t, -4*t - o + 112 = 0. What are the prime factors of t?
3
Let n = -6 + -4. Let g = n - -14. Suppose -g*f + 6*f = 78. List the prime factors of f.
3, 13
Let c(d) = -d**3 + 24*d**2 - 35*d + 21. List the prime factors of c(22).
3, 73
Suppose 0 = -2*z - 5*x + 226, 4*z - 392 = -2*x + 7*x. Let w = -73 + z. What are the prime factors of w?
2, 3, 5
Let y(r) = -r**3 + 21*r**2 + 13*r - 17. Let j be y(21). Suppose -12*w + 8*w + j = 0. List the prime factors of w.
2
Let s(a) = 9*a**3 + a**2 + a + 1. Let f = -2 + 5. Let u be s(f). Suppose 0 = -2*o - 2*o + u. List the prime factors of o.
2
Let b(s) = -s**2 + 3*s - 2. Let h be b(2). Let m be (-10)/(-4) - 5/10. Suppose h*f + 1 = 2*f + 5*g, -3*f = -m*g - 11. What are the prime factors of f?
3
Let r(q) = -13 + 4 - 7*q - 17. What are the prime factors of r(-11)?
3, 17
Suppose 0 = -2*g, 3*g - 7*g = 5*l - 4640. List the prime factors of l.
2, 29
Let j be (-562)/4 - 18/(-12). Let o be (6/2 - -46)*(1 + 3). Let n = o + j. What are the prime factors of n?
3, 19
What are the prime factors of 8/(-20) + 21216/40?
2, 5, 53
Let p = -3395 + 5390. List the prime factors of p.
3, 5, 7, 19
Suppose 4*v + 2*g + 118 = 0, 6*v = 2*v - 3*g - 113. Let k = v + 59. What are the prime factors of k?
3
Let v be 1/(-2*(-4)/(-40)). What are the prime factors of (-278)/(-5) - v/((-75)/9)?
5, 11
Let d = -23 + 93. Let i = 22 + d. List the prime factors of i.
2, 23
Let v = 142 - -2516. What are the prime factors of v?
2, 3, 443
Suppose 0 = 6*o - o - 5. Let r be 10/4 + o/2. Suppose -r*y - y + 41 = 3*z, 0 = -z - y + 15. List the prime factors of z.
19
Let n(m) = -20*m + 16*m - m**3 + 1 - 3*m**2 + 2*m**3. Let u be n(4). List the prime factors of -2 + (u - 1 - -4).
2
What are the prime factors of (-28)/(((-12)/(-264))/(3/(-6)))?
2, 7, 11
Suppose -4*o = -26*a + 30*a - 20548, 46233 = 9*o - 3*a. List the prime factors of o.
11, 467
Suppose 2*c + 2 = 6. Let u(o) = -o**3 + 3*o - 2. Let h be u(c). What are the prime factors of (h/6)/(8/(-216))?
2, 3
What are the prime factors of 12/(-3)*((-15585)/(-20))/(-3)?
1039
Let h(l) = l**3 + 33*l**2 - 52*l - 132. List the prime factors of h(-33).
2, 3, 11
Let q = 19 - 20. List the prime factors of (-1)/(q/(-182)*-1).
2, 7, 13
Suppose 3*p = 5*f + 3, -4*p + 15 = -p - f. Let y(t) = -16*t - 13*t + 33*t - p. List the prime factors of y(5).
2, 7
Let d(v) = v**3 - 19*v**2 - 11*v + 31. List the prime factors of d(20).
211
Suppose 4*x = -x - 90. Let z = x - -10. Let p = z - -21. List the prime factors of p.
13
Let m(c) = 3*c**2 + 17*c - 3. List the prime factors of m(17).
1153
Let i be 7/(7/3) + -3. Suppose -2*b + 20 = -w + 5*w, -5*b = -5*w + 10. Suppose 0 = -3*y - b*s - i*s + 46, -34 = -y + 4*s. List the prime factors of y.
2, 3
Let m(h) = -2*h**2 - h - 4. Let c be m(-6). Let r = c + 145. Suppose 0 = -4*s + r + 45. What are the prime factors of s?
2, 3, 5
Suppose w = 3*v - 74, 3*w + 14 = v - 16. Suppose 0 = -t + 5*t + v. List the prime factors of (10/t - -2)*18.
2, 3
Suppose 5*c - 1435 = 5*u, u + 116 = -2*c + 684. List the prime factors of c.
3, 5, 19
Suppose 2*x - 75 = 3*c - 3*x, -2*c + 2*x = 54. List the prime factors of (-12)/c - 168/(-5).
2, 17
Let b = 224 - 104. List the prime factors of b.
2, 3, 5
Let i be 262 + -4 - ((-6)/(-3) - 0). List the prime factors of (3/(-1))/(-3) + i/2.
3, 43
Suppose 2*m + 36040 = 42*m. What are the prime factors of m?
17, 53
Suppose -5*m + 13 = 3*i - 6, 4*i - 20 = -4*m. Let k be -6*(-2)/(4 - m). Suppose q + 23 = 3*y, -5*y + q + 33 = -k. What are the prime factors of y?
2
Suppose 2*k - y = -5 + 2, 0 = -k - 5*y + 26. Let x be 60 - (k - (7 - 2)). What are the prime factors of x/6*9/4?
2, 3
Let z(t) = 17*t**2 + 5*t - 6. Let n be z(4). Suppose -3*o = 94 - n. What are the prime factors of o?
2
Suppose -60 = -0*t - 4*t. Suppose -5*g = -3*b + 49, -3*b + t = -